)). Let m(f) = -f**2 - 7*f + 1. Let s be m(b). Calculate the greatest common factor of s and 121.
11
Suppose 0 = -4*i + 3*o + 20, -3*o - 1 = 4*i + 3. Calculate the greatest common divisor of 5 and i.
1
Suppose -2*g - 2*b + 54 = 0, -g - b + 49 = g. Suppose -g = -2*y + 2*k, 0 = -3*y + k + 3*k + 28. What is the greatest common divisor of y and 32?
16
Suppose 1 + 0 = -z. Let i be (11/(-22))/(z/48). Calculate the highest common divisor of 3 and i.
3
Suppose -4 = s, q + 6 = -q - 3*s. Let w be 2 - (1 - (-2 + 2)). Calculate the greatest common divisor of q and w.
1
Let a(w) = w**2 - 3*w + 3. Let d be a(5). Let y = 21 - d. Let o = -122 - -210. What is the greatest common divisor of y and o?
8
Let r = -310 - -370. Suppose -13 = -4*b + 2*l + 43, -4*b - 5*l = -28. What is the greatest common factor of r and b?
12
Suppose l + 4*l + 30 = 0. Let x = 1357 + -2338. Let p be l/(-4) - x/6. What is the highest common divisor of p and 15?
15
Suppose 2*x - 24 = -4*m - 2*x, -3*x - 3 = 0. Calculate the greatest common factor of 14 and m.
7
Let d(f) = -f**2 + 4*f + 3. Let t be d(4). Let q be -2 + t + -2 - -4. Calculate the greatest common factor of q and 30.
3
Let g = 48 - -30. Calculate the highest common divisor of g and 26.
26
Let a(j) = -31*j**3 - 2*j**2 + 1. Let v be a(-1). Calculate the highest common divisor of v and 30.
30
Suppose q + 222 = 4*q. Let g = -39 + q. Let t = g - 18. What is the greatest common factor of 51 and t?
17
Let b be (-12)/10*80/(-6). Suppose -b = -4*z - 4*h, -4*h + 6 + 6 = 0. What is the highest common divisor of z and 2?
1
Let v = 13 + -2. Suppose 5*u + 60 = 5*t, u - v = -3*t + 5. Calculate the greatest common factor of t and 7.
7
Suppose 0 = 6*k - 60 + 6. Suppose -2*z - 5*h = -39, -4*z + k + 64 = 5*h. Calculate the highest common factor of 136 and z.
17
Suppose -448 = -4*b - u, 3*u = 4*b - 8*b + 448. Let q = -2 + 0. Let v be 2*(-16)/(4/q). Calculate the highest common divisor of b and v.
16
Suppose s - 46 = -5*q, 0 = -5*s + q + 65 + 113. Calculate the highest common divisor of 90 and s.
18
Suppose 2 - 1 = -k, 2*k + 35 = 3*u. Suppose -4*i - 240 - 816 = 0. Let m be i/(-10)*10/3. What is the greatest common factor of m and u?
11
Let s(i) = -i**3 - 4*i**2 - 7*i + 6. Let d be s(-6). Calculate the highest common divisor of 48 and d.
24
Suppose 4*r + 5*y = -21, 0 = -r + 3*y + 20 - 4. Let t be (69 - (-6)/3) + r. What is the greatest common divisor of t and 8?
8
Suppose 5*b - 97 = -0*b + 4*d, 4*b + d = 65. What is the highest common factor of b and 85?
17
Let m = 10 - 7. Let c = -3 + m. Suppose -5*p = -3*x - p + 119, p + 5 = c. What is the highest common divisor of x and 11?
11
Let s(m) = -m**2 + 5*m. Let d be s(4). Suppose 0*o + 20 = d*o. Suppose 4*w - 30 = 190. Calculate the highest common divisor of w and o.
5
Let a = -46 + 32. Let b = 61 - a. Calculate the highest common divisor of 50 and b.
25
Suppose 5*c - x = x + 257, 47 = c + 4*x. What is the greatest common divisor of c and 561?
51
Let s = -57 - -74. What is the greatest common divisor of s and 51?
17
Suppose -2*f + 59 = 11. Suppose -6*g = -3*g - 18. Calculate the highest common factor of f and g.
6
Suppose 3*g = -t, t = 3*t + 2*g + 8. Let q = t + 11. What is the greatest common divisor of q and 15?
5
Suppose 5 = 3*d - 4. Calculate the highest common divisor of 3 and d.
3
Let i(c) = -c**3 + 5*c**2 + 8*c - 20. Let u be i(4). What is the greatest common factor of u and 4?
4
Let r = -4 + 20. Calculate the highest common divisor of 304 and r.
16
Let n = 100 + -93. What is the highest common factor of n and 7?
7
Suppose -b - 1 = 5*s, 15 = 4*b - 0*b + s. Let y be ((-6)/b)/((-6)/16). Let x be (448/(-48))/((-2)/6). Calculate the highest common factor of y and x.
4
Suppose 5*n - 82 = v - 2, -25 = -2*n - v. Suppose -u + 3*r + 29 = -0*u, 5*r = -n. Calculate the greatest common divisor of 5 and u.
5
Suppose k - 183 = o, -k - 2*o + 0*o = -195. Suppose -k - 363 = -5*j. Calculate the greatest common factor of 10 and j.
10
Let t be (2/3)/((-38)/(-1197)). Let h(r) = 2*r**3 - 2. Let f be h(2). Calculate the greatest common divisor of f and t.
7
Let t(u) = -3*u + 9. Let m be t(0). What is the highest common divisor of m and 36?
9
Let k(j) = j + 12. Let m be k(0). Let x = 2 - -4. Calculate the highest common factor of m and x.
6
Let k = 7 + -5. Suppose 3*w - 126 = 2*z, -k*w + 80 + 4 = 2*z. What is the highest common divisor of 28 and w?
14
Let v(m) = -m**2 - 9*m + 4. Let y be v(-9). Calculate the highest common factor of 4 and y.
4
Let s(f) = -f - 3. Let z be s(-2). Let j be z/2*(-146 + 2). Suppose -5*p - v + j = -4, 3*v = -5*p + 68. Calculate the greatest common factor of p and 32.
16
Let l be (2 + -1)/(228/45 - 5). Let b be 2/(-2 + 1) - -5. What is the greatest common divisor of l and b?
3
Suppose 61*b = 67*b - 288. Calculate the greatest common factor of b and 16.
16
Suppose -f - 3*s - 24 = 0, 8 = -2*f + 4*s - 0. Let d = -39 - f. Let k be (-2)/(-9) + (-345)/d. What is the highest common factor of k and 26?
13
Let y(f) be the first derivative of -3*f**2 - 1 + 2/3*f**3 - 2*f. Let v be y(-4). Calculate the greatest common divisor of v and 9.
9
Suppose 4*b = 5*b - 5. Suppose 0 = -5*s - 5*x - 80, b*s = x + 2*x - 72. Let k be s/(-3) - 0/2. Calculate the greatest common divisor of 45 and k.
5
Let a(m) = -2*m**3 - 3. Let h be a(-3). Let d be 1 + 0 + 2 + h. Suppose 2*r - d = -r. Calculate the greatest common factor of r and 6.
6
Let i(j) = -3*j**2 - j. Let f(w) = 13*w**2 + 5*w. Let y(m) = -2*f(m) - 9*i(m). Let l be y(3). What is the greatest common divisor of 12 and l?
6
Let z = 79 - -61. Suppose v + 4*v = z. Calculate the greatest common divisor of v and 4.
4
Suppose -4*k + 7*b + 701 = 4*b, 0 = -4*k - 3*b + 707. Suppose -s - k = -2*h + 3*s, -s + 484 = 5*h. What is the highest common factor of 12 and h?
12
Let u be 4 - (-3)/((-9)/6). Suppose u*w - 4 = -0*w. Suppose -1 = f, -2*d + 3*d - w = -3*f. Calculate the highest common divisor of d and 2.
1
Let u = -2 + 3. Let g be 8/(-16)*(1 - u). Suppose g*j = 2*j - 32. What is the highest common factor of j and 128?
16
Let c = 2 - -8. Let r = 12 - c. Calculate the greatest common divisor of r and 10.
2
Let n be (0 - -1)*1*4. What is the highest common factor of n and 28?
4
Let w = -3 + 5. Suppose -5*j = g - 16 - 9, -2*g - w*j = -10. Suppose -2*a + 2 = -z - 17, g = 5*a + 2*z - 43. Calculate the greatest common divisor of a and 63.
9
Let n = -95 - -189. Let p be n/6 + (-4)/6. What is the highest common factor of p and 165?
15
Suppose 5*t = 18 + 12. Suppose -u + 3*u + 12 = 0. Let k be (-201)/u + (-3)/t. Calculate the highest common factor of k and 11.
11
Let u(n) = -21*n - 2. Let r be u(-2). Suppose -3*d = -k + 26, -2*k + 5*d + r = 2*d. What is the highest common factor of k and 21?
7
Let v = 15 + -24. Let l = -1 - v. What is the greatest common factor of 2 and l?
2
Let u(b) = 3*b - 15. Let t be u(10). What is the greatest common divisor of 30 and t?
15
Suppose 296 = 4*c + 4*s, 4*s + 314 = 4*c - 14. Calculate the greatest common divisor of c and 12.
6
Suppose 0 = -3*p + 3*k + 108, 0*p + 128 = 3*p + 2*k. What is the greatest common divisor of p and 5?
5
Let w(k) = 6*k - 1 + 1 + 5. Let p be w(-7). Let l = p - -64. What is the greatest common factor of l and 9?
9
Let y(d) be the second derivative of 0 - d**2 - 1/2*d**3 + d. Let n be y(-8). What is the greatest common divisor of n and 2?
2
Suppose 4*l + 0*l = 16. Let h be (22/(-5))/(l/(-10)). Let u be h/(-2)*(-7 + -1). What is the highest common divisor of u and 4?
4
Let t(v) = -9*v + 7. Let g be t(-7). Suppose -4*y = -m + 32, 4*m + 2*y = 2*m + 54. Calculate the highest common factor of m and g.
14
Let d = -22 - -26. Calculate the greatest common factor of d and 4.
4
Suppose -1 = 2*d - 23. What is the highest common factor of d and 1?
1
Let n(h) = -h + 1. Suppose -13 = -5*l - 3. Let x be n(l). Let w be -3 + 2 + (-89)/x. Calculate the greatest common divisor of w and 8.
8
Suppose 4*w = -5*w + 189. What is the highest common divisor of 42 and w?
21
Suppose 4 = -3*t + 16. Let o = 6 + t. Suppose 4*l - 147 = -3*y + 139, 4*y = -2*l + 148. Calculate the highest common factor of o and l.
10
Let n = -123 + 204. Calculate the highest common divisor of n and 18.
9
Let f = -127 - -145. Calculate the greatest common factor of f and 18.
